Resums mensuals i anuals. Seleccioneu el mes o l'any.

Select a Year or Month report

Report for 2023 Jul
                   Resum meteorol├▓gic mensual. Juliol 2023
                   Calldetenes (Osona) - Altitud: 510 m
                   Temperature (┬░C), Rain (mm), Wind Speed (km/h)

                                      Heat  Cool        Avg
    Mean                              Deg   Deg         Wind                 Dom
Day Temp  High   Time   Low    Time   Days  Days  Rain  Speed High   Time    Dir
----------------------------------------------------------------------------------
01  20,7  28,2   18:58  13,1   06:50   1,1   3,4   0,0   1,3  18,4   18:45    NW
02  22,5  30,0   16:33  15,0   06:30   0,6   4,3   0,0   0,9  18,4   15:38   SSW
03  23,6  29,3   14:43  17,9   06:50   0,0   4,9   0,0   1,6  30,6   15:15   SSW
04  21,4  26,5   12:00  16,2   05:30   0,3   3,2   3,3   0,5  20,9   17:34    SW
05  21,8  26,5   17:31  17,0   07:10   0,2   3,0   1,5   0,9  19,4   15:13   SSW
06  22,9  28,3   16:07  17,5   04:15   0,1   3,0   2,1   0,7  19,4   23:30     W
07  23,9  31,0   14:35  16,7   03:25   0,4   4,0   0,0   0,7  20,9   17:16    SE
08  24,9  34,5   17:14  15,3   06:40   0,4   6,9   0,0   0,6  15,8   14:06   SSE
09  26,4  36,2   16:17  16,6   06:10   0,2   8,0   0,0   0,6  20,9   17:55   SSW
10  27,5  35,9   14:10  19,1   06:30   0,0   8,9   0,0   1,3  19,4   15:05   SSW
11  28,8  37,0   15:15  20,5   06:50   0,0   9,6   0,0   1,5  23,4   16:40   SSW
12  26,9  34,5   14:00  19,2   04:55   0,0   7,4   0,0   1,6  22,0   17:17   SSW
13  25,6  32,1   16:56  19,0   06:30   0,0   6,7   0,0   1,9  30,6   17:30   SSW
14  27,0  33,4   16:26  20,5   04:45   0,0   7,5   0,0   2,7  29,5   17:31   WSW
15  25,0  32,9   14:55  17,0   06:20   0,1   7,2   0,0   2,0  29,5   14:57   SSW
16  26,7  32,2   17:09  21,1   02:10   0,0   7,2   0,0   2,0  24,5   14:31     W
17  27,0  35,6   17:15  18,3   06:35   0,0   8,0   0,0   0,6  18,4   16:54   SSW
18  29,5  41,9   16:04  17,1   06:30   0,1  10,9   0,0   2,4  29,5   14:45     W
19  29,0  38,1   16:51  19,8   06:30   0,0   9,5   0,0   2,1  35,6   19:07    SW
20  26,4  33,9   15:35  18,8   06:55   0,0   7,6   0,0   2,2  24,5   17:38    SW
21  26,1  33,0   15:33  19,1   04:35   0,0   6,3   0,0   2,2  31,7   18:01   WSW
22  24,5  31,4   16:31  17,6   06:25   0,0   5,9   0,0   2,2  28,1   19:18   SSW
23  25,5  34,1   14:41  16,8   06:10   0,2   6,9   0,0   2,1  31,7   18:41   SSW
24  28,2  37,1   16:00  19,2   05:40   0,0   8,0   0,3   2,1  27,0   13:55     W
25  24,4  30,1   16:13  18,6   07:30   0,0   5,0   0,0   3,7  25,6   16:57   WNW
26  22,7  28,8   16:20  16,5   07:30   0,3   3,3   0,6   2,1  27,0   17:39    SW
27  24,0  32,6   15:20  15,3   06:25   0,6   5,2   4,2   2,6  41,8   22:44    SW
28  24,2  33,8   15:49  14,5   06:20   1,0   5,6   0,3   1,7  24,5   15:37    SW
29  26,3  35,3   15:46  17,3   06:10   0,1   7,4   0,0   2,2  30,6   14:17   WSW
30  25,9  32,6   16:47  19,2   06:28   0,0   6,8   0,0   1,9  28,1   18:48   SSW
31  24,9  33,0   16:02  16,9   06:30   0,1   5,9   0,0   2,0  30,6   18:23   WSW
----------------------------------------------------------------------------------
    25,3  41,9    18    13,1     1     5,8 197,5  12,3   1,7  41,8    27      SW

Max >=  27,0 29
Max <=   0,0  0
Min <=   0,0  0
Min <= -18,0  0
Max Rain: 4,2 on day 27
Days of Rain: 7 (>= 0,2 mm)  3 (>= 2,0 mm)  0 (>= 20,0 mm)
Heat Base: 18,3  Cool Base: 18,3  Method: Integration