Resums mensuals i anuals. Seleccioneu el mes o l'any.

Select a Year or Month report

Report for 2023 Aug
                   Resum meteorol├▓gic mensual. Agost 2023
                   Calldetenes (Osona) - Altitud: 510 m
                   Temperature (┬░C), Rain (mm), Wind Speed (km/h)

                                      Heat  Cool        Avg
    Mean                              Deg   Deg         Wind                 Dom
Day Temp  High   Time   Low    Time   Days  Days  Rain  Speed High   Time    Dir
----------------------------------------------------------------------------------
01  27,1  35,4   15:48  18,7   05:30   0,0   7,0   0,0   1,9  23,4   12:40     W
02  26,8  35,0   15:05  18,5   07:00   0,0   7,8   0,0   2,8  28,1   18:39   WSW
03  23,5  29,1   16:57  17,8   23:45   0,0   5,0   0,0   2,3  35,6   18:11   SSW
04  19,7  27,4   18:21  11,9   07:10   1,1   3,1   0,0   2,1  22,0   20:14   WNW
05  20,1  30,0   18:53  10,2   06:50   2,0   4,0   0,0   2,2  27,0   18:15    NW
06  21,0  29,2   15:04  12,8   06:40   1,3   3,6   0,0   2,2  31,7   17:14   SSW
07  23,6  29,5   16:29  17,7   05:10   0,0   3,6   0,0   3,3  28,1   15:10     W
08  23,5  31,4   15:38  15,5   05:40   0,3   5,0   0,0   2,3  24,5   16:01    SW
09  26,3  35,6   16:00  16,9   06:15   0,1   7,5   0,0   1,8  29,5   20:25    SW
10  27,6  35,9   13:05  19,2   07:05   0,0   8,4   0,0   1,6  23,4   13:35   SSE
11  26,4  36,1   16:22  16,7   07:05   0,1   7,3   0,0   1,6  28,1   16:57    SW
12  26,6  35,9   15:25  17,2   07:09   0,1   7,2   0,0   1,3  23,4   18:20   WSW
13  26,3  35,5   15:49  17,0   07:11   0,1   7,1   0,0   1,6  25,6   19:41    SW
14  24,9  33,8   15:24  15,9   07:10   0,3   6,6   0,0   2,3  28,1   16:01   SSW
15  25,5  36,0   15:40  14,9   06:50   0,6   7,0   0,0   1,0  22,0   16:21   WSW
16  25,1  35,1   14:55  15,0   06:25   0,7   6,2   0,0   1,0  14,8   08:05   SSW
17  24,8  34,9   13:50  14,7   07:25   0,5   6,6   0,0   1,7  23,4   16:26   SSE
18  25,6  36,0   16:20  15,1   07:10   0,5   7,4   0,0   1,8  29,5   17:45    SW
19  26,8  36,4   15:17  17,2   07:30   0,1   7,9   0,0   1,3  19,4   17:22    SW
20  28,8  37,1   16:49  20,4   07:14   0,0   9,6   0,0   1,0  28,1   14:30     W
21  29,3  38,7   14:25  19,8   06:30   0,0   9,8   0,0   1,0  23,4   17:02     S
22  29,7  39,6   16:09  19,7   07:00   0,0  10,0   0,0   1,4  25,6   16:43    SW
23  29,8  39,3   13:55  20,2   06:55   0,0   9,5   0,0   0,9  17,3   15:29   SSW
24  29,1  40,0   15:35  18,2   06:50   0,0   9,7   0,0   1,9  27,0   19:11   SSW
25  27,0  35,7   14:53  18,2   07:31   0,0   8,4   0,0   1,9  25,6   16:39   SSW
26  25,1  32,7   14:18  17,5   16:15   0,0   3,6  23,7   1,5  47,9   15:50     W
27  15,9  18,7   05:40  13,1   21:45   2,4   0,0  21,9   1,0  33,1   05:50   SSW
28  19,1  27,7   16:41  10,5   07:57   3,2   2,3   0,3   1,9  20,9   13:38    NW
29  18,1  27,5   16:36   8,6   06:50   3,2   2,3   0,0   1,3  25,6   18:24   SSW
30  20,0  26,4   15:55  13,5   05:10   1,6   2,1   0,0   1,3  34,2   18:42    SW
31  21,7  27,5   15:30  15,8   07:40   0,5   3,1   0,0   1,5  22,0   17:52   SSW
----------------------------------------------------------------------------------
    24,6  40,0    24     8,6    29    18,7 188,7  45,9   1,7  47,9    26      SW

Max >=  27,0 29
Max <=   0,0  0
Min <=   0,0  0
Min <= -18,0  0
Max Rain: 23,7 on day 26
Days of Rain: 3 (>= 0,2 mm)  2 (>= 2,0 mm)  2 (>= 20,0 mm)
Heat Base: 18,3  Cool Base: 18,3  Method: Integration