Resums mensuals i anuals. Seleccioneu el mes o l'any.

Select a Year or Month report

Report for 2022 Jun
                   Resum meteorol├▓gic mensual. Juny 2022

                   Calldetenes (Osona) - Altitud: 510 m

                   Temperature (┬░C), Rain (mm), Wind Speed (km/h)

                                      Heat  Cool        Avg
    Mean                              Deg   Deg         Wind                 Dom
Day Temp  High   Time   Low    Time   Days  Days  Rain  Speed High   Time    Dir
----------------------------------------------------------------------------------
01  21,8  32,0   15:00  11,5   06:30   1,8   4,6   0,0   1,7  29,5   17:08   SSW
02  21,7  31,6   16:24  11,7   06:30   1,6   5,0   0,0   1,2  15,8   17:32    SW
03  24,8  33,6   14:40  16,0   03:50   0,4   5,7   0,0   1,8  19,4   15:05     S
04  23,7  34,1   16:20  13,3   06:35   1,0   5,1   0,0   1,3  25,6   16:43   WSW
05  21,6  30,6   15:27  12,6   06:35   1,3   4,6   0,0   2,1  31,7   14:37   WSW
06  22,1  31,2   15:27  13,0   05:50   1,2   4,3   0,0   2,5  41,8   18:21   SSW
07  21,8  29,9   13:20  13,7   06:30   0,9   4,3   0,0   2,4  30,6   14:45   SSW
08  21,8  27,2   15:45  16,3   23:10   0,5   1,8   9,9   1,2  17,3   14:25    SE
09  20,0  27,1   17:07  12,8   06:30   1,5   2,9   0,0   1,2  20,9   20:40    SW
10  22,0  32,0   17:24  12,0   06:40   1,6   4,9   0,0   1,3  17,3   17:48    SW
11  24,1  34,4   16:18  13,7   06:20   0,8   6,3   0,0   1,1  18,4   12:43    SW
12  25,3  35,7   15:41  14,8   06:25   0,5   7,2   0,0   1,4  25,6   17:41    SW
13  24,7  34,3   17:07  15,0   06:35   0,5   6,8   0,0   1,8  27,0   17:43    SW
14  24,7  35,4   17:43  14,0   06:25   0,8   6,6   0,0   1,3  18,4   16:52    SW
15  28,9  37,6   13:45  20,2   23:40   0,0   9,4   0,0   2,0  33,1   01:00   WSW
16  26,2  37,3   16:04  15,1   06:20   0,5   8,2   0,0   1,2  22,0   17:07     S
17  28,3  39,4   14:58  17,1   06:00   0,1   8,9   0,0   1,0  22,0   16:31   WSW
18  27,7  38,2   14:03  17,1   06:10   0,1   8,9   0,0   1,0  18,4   15:34   WSW
19  24,4  34,5   13:52  14,3   05:55   0,6   6,7   0,0   1,8  25,6   14:59   SSW
20  23,4  32,4   16:43  14,3   05:10   0,8   5,8   0,0   1,2  20,9   15:31   WSW
21  25,9  35,8   16:24  16,0   06:29   0,3   4,7   0,6   1,1  31,7   16:46   WSW
22  23,2  30,0   16:51  16,4   06:05   0,3   4,2  13,8   1,8  24,5   14:50    SW
23  22,8  30,9   17:09  14,7   04:45   0,8   4,8   0,0   2,5  31,7   18:38   WSW
24  21,9  29,9   15:54  13,9   05:25   0,9   4,5   0,0   2,6  34,2   13:23   WNW
25  22,0  30,9   15:20  13,0   06:25   1,2   4,9   0,0   1,8  29,5   15:07    SW
26  23,0  32,0   16:12  14,0   06:05   0,9   5,4   0,0   1,9  24,5   17:53    SW
27  22,0  29,3   16:23  14,7   05:55   0,7   3,0   0,6   1,2  24,5   16:53     W
28  22,1  29,6   19:05  14,6   06:35   1,0   3,9   0,0   3,0  28,1   14:41    NW
29  22,6  32,5   14:30  12,7   06:10   1,0   5,3   0,0   2,4  36,7   18:16    SW
30  23,7  31,8   15:52  15,5   06:45   0,4   5,0   0,0   1,8  29,5   20:00   SSW
----------------------------------------------------------------------------------
    23,6  39,4    17    11,5     1    24,0 163,7  24,9   1,7  41,8     6      SW

Max >=  27,0 30
Max <=   0,0  0
Min <=   0,0  0
Min <= -18,0  0
Max Rain: 13,8 on day 22
Days of Rain: 4 (>= 0,2 mm)  2 (>= 2,0 mm)  0 (>= 20,0 mm)
Heat Base: 18,3  Cool Base: 18,3  Method: Integration