Resums mensuals i anuals. Seleccioneu el mes o l'any.

Select a Year or Month report

Report for 2022 Jul
                   Resum meteorol├▓gic mensual. Juliol 2022

                   Calldetenes (Osona) - Altitud: 510 m

                   Temperature (┬░C), Rain (mm), Wind Speed (km/h)

                                      Heat  Cool        Avg
    Mean                              Deg   Deg         Wind                 Dom
Day Temp  High   Time   Low    Time   Days  Days  Rain  Speed High   Time    Dir
----------------------------------------------------------------------------------
01  23,4  30,4   15:58  16,4   23:59   0,2   4,1   0,0   2,6  29,5   17:11     W
02  24,0  35,1   15:30  12,8   06:30   1,4   6,0   0,0   1,6  24,5   15:57    SW
03  26,0  37,1   16:05  14,9   06:20   0,5   7,1   0,0   1,7  30,6   16:22   WSW
04  26,1  35,5   15:45  16,7   05:40   0,2   7,9   0,0   1,7  24,5   15:20    SW
05  25,6  34,9   14:50  16,3   06:30   0,2   7,0   0,0   2,0  31,7   17:09   SSW
06  24,4  30,2   16:58  18,5   03:25   0,0   4,4   0,6   1,8  45,4   13:15    NW
07  23,9  31,9   16:13  15,9   06:35   0,3   5,4   0,0   1,5  19,4   16:27   SSW
08  23,8  34,6   15:35  12,9   06:30   0,9   6,2   0,0   2,0  23,4   16:55   WSW
09  24,8  34,5   15:31  15,0   06:35   0,5   6,6   0,0   1,7  28,1   16:31   WSW
10  25,8  35,6   14:59  15,9   06:25   0,3   7,0   0,0   2,1  27,0   12:51   WSW
11  25,8  36,0   15:56  15,6   06:20   0,3   7,5   0,0   1,6  22,0   12:55    SW
12  26,8  37,1   15:05  16,5   06:50   0,2   8,5   0,0   1,3  23,4   18:43   SSW
13  27,0  37,2   14:40  16,8   06:55   0,1   8,5   0,0   1,9  23,4   15:47    SW
14  26,7  36,9   14:30  16,5   06:25   0,2   8,4   0,0   1,7  29,5   17:30    SW
15  27,4  38,4   15:20  16,3   06:55   0,2   8,9   0,0   1,6  29,5   16:20   SSW
16  27,6  38,2   15:04  16,9   06:25   0,1   9,2   0,0   1,7  25,6   14:27    SW
17  27,5  38,4   15:00  16,6   06:55   0,1   9,2   0,0   1,8  29,5   16:18   SSW
18  26,9  37,2   15:45  16,6   06:30   0,1   8,5   0,0   1,6  19,4   17:52    SW
19  27,4  37,2   14:45  17,5   06:55   0,0   8,5   0,0   2,1  37,8   17:40   SSW
20  26,1  35,4   15:45  16,7   06:45   0,1   7,8   0,0   1,8  24,5   17:28    SW
21  27,2  36,5   15:25  17,8   06:55   0,0   8,1   0,0   2,2  31,7   18:38    SW
22  27,8  38,3   15:10  17,2   07:05   0,1   9,2   0,0   2,5  41,8   15:47    SW
23  27,0  35,6   14:37  18,4   06:50   0,0   7,6   0,0   2,0  28,1   13:53    SW
24  27,5  36,7   14:38  18,2   06:20   0,0   8,9   0,0   2,7  40,3   16:15   SSW
25  26,7  37,6   16:20  15,7   06:35   0,3   7,8   0,0   1,9  25,6   17:35   SSW
26  25,7  33,0   14:35  18,4   06:10   0,0   6,9   0,0   2,7  34,2   17:35    SW
27  26,2  32,2   14:20  20,1   05:25   0,0   7,1   0,0   3,1  33,1   18:34    SW
28  24,0  29,7   17:04  18,3   06:20   0,0   5,3   0,0   1,4  23,4   18:26    SW
29  24,2  30,9   13:50  17,4   06:40   0,0   4,9   0,0   1,6  27,0   14:05     S
30  23,9  29,8   16:18  17,9   05:15   0,0   4,7   0,0   1,2  17,3   19:05   WSW
31  26,7  35,9   15:32  17,5   05:15   0,1   5,3   1,5   1,9  29,5   17:33     W
----------------------------------------------------------------------------------
    25,9  38,4    15    12,8     2     6,4 222,5   2,1   1,9  45,4     6      SW

Max >=  27,0 31
Max <=   0,0  0
Min <=   0,0  0
Min <= -18,0  0
Max Rain: 1,5 on day 31
Days of Rain: 2 (>= 0,2 mm)  0 (>= 2,0 mm)  0 (>= 20,0 mm)
Heat Base: 18,3  Cool Base: 18,3  Method: Integration