Resums mensuals i anuals. Seleccioneu el mes o l'any.

Select a Year or Month report

Report for 2022 Aug
                   Resum meteorol├▓gic mensual. Agost 2022

                   Calldetenes (Osona) - Altitud: 510 m

                   Temperature (┬░C), Rain (mm), Wind Speed (km/h)

                                      Heat  Cool        Avg
    Mean                              Deg   Deg         Wind                 Dom
Day Temp  High   Time   Low    Time   Days  Days  Rain  Speed High   Time    Dir
----------------------------------------------------------------------------------
01  26,2  35,8   16:01  16,5   04:50   0,3   6,2   0,3   1,9  29,5   18:18   WSW
02  28,3  36,6   15:40  19,9   05:35   0,0   8,5   0,0   2,2  30,6   17:02    SW
03  27,8  37,9   14:50  17,6   06:45   0,0   8,6   0,0   2,1  30,6   15:44   WSW
04  26,7  37,1   15:34  16,2   06:20   0,2   8,0   0,0   2,1  25,6   17:30   SSW
05  26,6  36,5   14:45  16,6   07:05   0,2   4,0  18,9   1,7  61,2   15:43   NNW
06  24,6  34,5   16:42  14,6   07:00   0,9   5,2   0,6   1,5  35,6   17:58   NNW
07  25,3  34,5   15:05  16,0   06:20   0,4   4,0  14,3   1,1  37,8   17:16    SW
08  24,7  34,0   15:35  15,4   06:11   0,7   5,3   0,0   1,3  28,1   17:01    SW
09  26,1  35,5   15:27  16,6   06:56   0,2   5,9   0,0   1,4  27,0   17:44   WNW
10  26,1  36,3   15:48  15,8   06:22   0,3   6,4   0,3   1,5  23,4   16:58     W
11  26,7  36,0   15:10  17,3   06:40   0,1   6,9   0,0   1,5  22,0   17:48    SW
12  28,1  39,3   16:10  16,8   07:15   0,1   7,4   0,0   1,8  25,6   16:39     N
13  27,9  38,2   14:40  17,5   07:06   0,0   8,0   0,0   1,7  29,5   17:50   SSW
14  26,1  35,4   16:49  16,7   06:40   0,1   7,3   0,0   3,3  37,8   15:31   WNW
15  25,2  32,7   15:30  17,7   07:08   0,0   5,8   0,0   1,8  31,7   17:19   SSW
16  23,9  31,8   15:40  15,9   06:30   0,4   4,8   0,0   1,4  18,4   15:36    SW
17  23,4  30,7   16:18  16,0   07:40   0,3   2,5   0,6   1,2  22,0   16:39     W
18  19,9  25,6   13:20  14,2   23:45   1,1   0,8   5,4   1,0  35,6   13:55    NW
19  21,0  30,1   17:07  11,9   05:05   2,4   3,3   0,3   1,3  18,4   18:47   WSW
20  22,9  32,4   17:12  13,4   07:14   1,1   5,4   0,0   1,6  20,9   14:26     W
21  25,4  33,1   15:14  17,6   07:37   0,0   4,6   0,0   1,2  20,9   16:59   WSW
22  24,4  31,1   15:50  17,6   02:10   0,0   4,7   0,0   1,3  19,4   15:35   SSW
23  25,7  33,1   16:23  18,2   06:50   0,0   6,3   0,0   1,5  20,9   17:38   WSW
24  26,8  34,6   14:55  19,0   06:25   0,0   7,3   0,0   1,8  25,6   16:18    SW
25  25,5  33,8   15:45  17,1   17:54   0,1   5,1  22,5   2,0  63,7   17:28   WSW
26  23,9  30,9   15:44  16,9   01:40   0,4   3,7  14,1   0,6  22,0   18:11    SW
27  23,7  29,3   14:24  18,1   23:55   0,0   2,6   0,0   1,3  36,7   15:53   SSW
28  23,5  32,9   16:34  14,0   06:50   1,0   4,4   0,0   1,5  29,5   20:28     W
29  23,6  32,3   16:19  14,8   07:00   0,8   4,5   0,9   1,7  29,5   17:21    SW
30  24,5  33,1   15:58  15,8   07:30   0,4   5,8   0,0   1,8  25,6   16:01   WNW
31  20,5  26,5   16:10  14,5   23:57   0,4   2,4   4,8   1,2  33,1   17:23   NNW
----------------------------------------------------------------------------------
    25,0  39,3    12    11,9    19    11,9 165,7  83,0   1,6  63,7    25     WSW

Max >=  27,0 29
Max <=   0,0  0
Min <=   0,0  0
Min <= -18,0  0
Max Rain: 22,5 on day 25
Days of Rain: 12 (>= 0,2 mm)  6 (>= 2,0 mm)  1 (>= 20,0 mm)
Heat Base: 18,3  Cool Base: 18,3  Method: Integration