Resums mensuals i anuals. Seleccioneu el mes o l'any.

Select a Year or Month report

Report for 2022 Nov
                   Resum meteorol├▓gic mensual. Novembre 2022

                   Calldetenes (Osona) - Altitud: 510 m

                   Temperature (┬░C), Rain (mm), Wind Speed (km/h)

                                      Heat  Cool        Avg
    Mean                              Deg   Deg         Wind                 Dom
Day Temp  High   Time   Low    Time   Days  Days  Rain  Speed High   Time    Dir
----------------------------------------------------------------------------------
01  16,9  24,6   15:19   9,2   07:50   3,9   0,9   0,0   0,9  18,4   16:37   WSW
02  15,1  22,3   14:50   7,8   03:55   5,4   0,4   0,0   0,9  27,0   17:28    SW
03  14,4  19,8   12:30   8,9   04:45   4,6   0,1   0,9   1,8  24,5   13:15   WNW
04  12,3  17,6   15:05   7,0   07:45   6,7   0,0   0,0   2,7  43,9   16:11   NNW
05  10,3  18,8   15:11   1,7   07:00   9,1   0,0   0,0   1,5  14,8   14:04    NW
06   9,6  19,5   15:14  -0,3   07:29  10,3   0,1   0,0   0,7  15,8   13:13     N
07  11,0  20,9   14:40   1,0   07:20   9,4   0,3   0,0   0,9  18,4   14:40   WNW
08  13,7  22,1   14:35   5,2   05:10   7,1   0,4   0,0   0,8  19,4   15:45   WNW
09  13,5  18,9   14:55   8,0   01:05   6,3   0,0   0,3   0,4  13,3   15:05   WNW
10  13,7  20,1   15:20   7,2   23:55   5,8   0,0   5,1   0,4  12,2   17:07    NW
11  12,6  20,4   14:35   4,7   06:35   7,2   0,2   0,0   0,8  19,4   14:50     E
12  14,1  22,1   15:22   6,1   07:20   6,6   0,4   0,0   0,3   8,6   10:51   NNW
13  12,9  21,6   14:41   4,2   05:25   7,9   0,2   0,0   0,6  18,4   11:49   NNW
14  13,6  19,2   12:05   8,0   02:20   4,8   0,0   0,0   1,1  17,3   12:55   WNW
15  15,1  18,8   13:25  11,4   05:15   3,5   0,0   0,0   2,4  22,0   16:44     W
16  14,2  19,1   14:30   9,3   23:40   4,9   0,0   0,0   1,8  27,0   16:01   WNW
17  14,0  20,2   15:35   7,7   06:50   6,5   0,1   0,0   0,6  22,0   15:00    SW
18   9,7  13,5   00:10   5,8   06:50   8,7   0,0   0,0   0,9  15,8   14:40    NW
19   7,0  12,8   13:28   1,2   23:55  10,3   0,0   0,0   1,1  19,4   15:12    NW
20   5,8  12,9   15:45  -1,4   03:15  14,4   0,0   0,0   0,8  14,8   12:54   NNW
21   7,4  11,7   14:55   3,0   00:00  11,1   0,0   2,1   1,3  42,8   20:21    NW
22   7,3  11,6   15:20   3,0   06:40  11,2   0,0   0,0   3,9  37,8   17:09   WNW
23   8,4  16,2   15:15   0,5   06:10  10,9   0,0   0,0   0,8  13,3   11:35   NNW
24  11,1  16,9   14:30   5,3   03:50   8,0   0,0   0,0   1,6  24,5   13:30   WNW
25   9,1  15,8   14:00   2,4   23:25   9,5   0,0   2,7   1,0  36,7   15:25   NNW
26   6,5  11,4   16:08   1,5   23:56  13,3   0,0   0,3   0,8   9,7   11:29   NNW
27   5,4  12,5   15:41  -1,8   08:15  13,8   0,0   0,3   0,4   9,7   17:30    NW
28   6,9  12,5   13:20   1,3   23:25  11,2   0,0   0,3   0,6  18,4   14:30     W
29   5,8  11,7   14:50  -0,1   07:30  14,4   0,0   0,3   1,0  11,2   11:35    NW
30   5,3  11,9   15:55  -1,4   07:20  15,0   0,0   0,0   0,5  11,2   16:30    NW
----------------------------------------------------------------------------------
    10,7  24,6     1    -1,8    27   261,8   3,1  12,3   1,1  43,9     4      NW

Max >=  27,0  0
Max <=   0,0  0
Min <=   0,0  5
Min <= -18,0  0
Max Rain: 5,1 on day 10
Days of Rain: 9 (>= 0,2 mm)  3 (>= 2,0 mm)  0 (>= 20,0 mm)
Heat Base: 18,3  Cool Base: 18,3  Method: Integration