Resums mensuals i anuals. Seleccioneu el mes o l'any.

Select a Year or Month report

Report for 2023 May
                   Resum meteorol├▓gic mensual. Maig 2023
                   Calldetenes (Osona) - Altitud: 510 m
                   Temperature (┬░C), Rain (mm), Wind Speed (km/h)

                                      Heat  Cool        Avg
    Mean                              Deg   Deg         Wind                 Dom
Day Temp  High   Time   Low    Time   Days  Days  Rain  Speed High   Time    Dir
----------------------------------------------------------------------------------
01  16,7  22,8   13:47  10,5   23:50   3,7   0,5   0,6   1,2  20,9   15:59   SSW
02  16,8  24,6   17:33   8,9   01:30   4,6   1,3   0,0   2,0  23,4   18:46   WNW
03  16,7  27,1   15:54   6,3   07:11   4,5   2,1   0,0   1,9  30,6   19:22    SW
04  16,2  25,2   15:21   7,1   07:06   4,2   1,8   0,0   2,9  30,6   17:01   SSW
05  18,5  29,0   16:15   8,0   05:53   3,8   2,6   0,0   1,7  22,0   16:31    SW
06  18,7  28,7   14:41   8,7   06:45   3,3   2,7   0,0   2,2  31,7   15:27    SW
07  17,6  24,6   15:05  10,5   06:05   3,7   1,2  13,5   1,8  23,4   16:30   SSW
08  16,9  24,2   17:02   9,5   02:08   3,7   1,5   0,0   1,3  17,3   15:26    NW
09  18,1  25,6   14:00  10,5   06:25   3,7   1,2  14,4   1,3  24,5   16:47   NNE
10  17,0  22,8   15:20  11,1   01:00   3,6   0,6   0,0   1,8  24,5   16:09    SW
11  14,8  20,4   14:15   9,2   20:52   5,4   0,1  29,1   1,7  24,5   11:45     S
12  12,2  18,0   13:30   6,4   23:59   8,2   0,0  11,7   0,8  20,9   15:16    SW
13  10,7  17,1   17:35   4,3   03:45   8,0   0,0   2,4   0,6  14,8   19:07     W
14  13,1  19,7   14:03   6,5   06:10   6,0   0,0   2,4   1,2  22,0   17:08   WNW
15  14,2  22,0   15:10   6,4   06:45   4,4   0,6   0,0   1,3  13,3   17:04    SW
16  14,0  22,2   15:47   5,7   06:05   5,6   0,6   0,0   2,9  39,2   17:06   NNW
17  12,6  22,3   15:35   2,9   06:50   6,1   0,6   0,0   1,9  19,4   16:06     S
18  12,1  19,3   13:40   4,8   06:05   6,6   0,0   0,0   1,0  13,3   14:20   SSW
19  13,7  18,3   14:05   9,0   06:55   5,4   0,0   0,9   0,9  24,5   14:55    SW
20  14,0  20,5   14:33   7,5   06:25   5,7   0,2   3,6   0,6  13,3   17:22   SSE
21  12,8  17,4   14:20   8,1   06:59   5,5   0,0   1,2   0,5   8,6   13:40   NNW
22  16,1  20,5   17:27  11,7   04:15   3,4   0,2   0,3   0,6  19,4   17:32     N
23  16,6  23,8   17:14   9,3   03:55   3,5   1,5   0,0   1,6  25,6   14:40   ESE
24  17,5  25,9   13:40   9,0   06:10   4,8   0,8  24,3   1,1  22,0   14:10    SW
25  13,7  17,0   14:20  10,3   00:10   5,1   0,0   6,3   0,5  17,3   15:56    NW
26  16,9  24,8   15:10   9,0   06:10   4,0   1,4   8,4   1,0  15,8   16:34   WSW
27  18,8  28,3   16:57   9,2   06:31   3,2   2,8   0,3   1,0  17,3   17:39   SSW
28  18,2  27,1   15:50   9,3   05:45   3,1   2,7   0,0   1,1  17,3   13:46    SW
29  17,4  25,5   16:35   9,2   06:35   2,8   2,3   0,0   1,6  28,1   18:19    SE
30  17,8  25,3   15:25  10,3   04:40   3,2   1,0   1,2   0,9  23,4   16:05    NW
31  15,2  20,6   14:10   9,7   06:05   3,4   0,3   0,3   0,7  12,2   12:55   NNW
----------------------------------------------------------------------------------
    15,6  29,0     5     2,9    17   142,2  30,6 120,9   1,3  39,2    16      SW

Max >=  27,0  5
Max <=   0,0  0
Min <=   0,0  0
Min <= -18,0  0
Max Rain: 29,1 on day 11
Days of Rain: 17 (>= 0,2 mm)  10 (>= 2,0 mm)  2 (>= 20,0 mm)
Heat Base: 18,3  Cool Base: 18,3  Method: Integration