Resums mensuals i anuals. Seleccioneu el mes o l'any.

Select a Year or Month report

Report for 2023 Jun
                   Resum meteorol├▓gic mensual. Juny 2023
                   Calldetenes (Osona) - Altitud: 510 m
                   Temperature (┬░C), Rain (mm), Wind Speed (km/h)

                                      Heat  Cool        Avg
    Mean                              Deg   Deg         Wind                 Dom
Day Temp  High   Time   Low    Time   Days  Days  Rain  Speed High   Time    Dir
----------------------------------------------------------------------------------
01  16,4  20,8   13:25  11,9   23:55   2,5   0,2   6,9   0,8  12,2   18:26   NNW
02  17,1  25,4   15:42   8,7   06:40   4,1   1,0   6,0   0,8  29,5   16:45   NNW
03  16,6  21,7   12:11  11,4   06:54   3,3   0,3  13,5   0,8  24,5   12:49     W
04  16,3  23,2   12:44   9,4   06:30   3,3   0,9   1,2   0,9  22,0   15:28     W
05  19,2  25,7   14:30  12,6   08:05   3,1   0,9  11,4   1,0  20,9   14:40   NNW
06  19,2  25,2   13:05  13,2   06:10   2,6   0,8  57,6   1,1  41,8   17:38   NNW
07  18,2  23,6   15:35  12,8   02:10   2,1   1,3   0,3   1,3  23,4   17:24   SSW
08  19,5  26,9   15:40  12,0   06:10   2,0   2,3   0,0   1,3  15,8   18:50   SSW
09  21,1  26,2   16:34  16,0   02:55   0,6   2,4   0,0   2,0  31,7   17:44   SSW
10  20,9  28,3   14:18  13,5   06:10   1,3   1,7  21,9   1,1  25,6   15:38   WNW
11  19,1  25,0   17:04  13,2   06:00   1,7   1,0  13,5   0,5  33,1   12:40    NW
12  20,5  27,9   16:04  13,0   06:35   1,2   3,2   0,0   1,4  30,6   18:48   SSW
13  20,4  26,8   14:35  13,9   23:08   1,8   1,4  40,5   0,8  29,5   15:50    NW
14  20,5  27,2   18:54  13,7   01:50   1,9   2,3   0,0   0,9  23,4   19:58     W
15  20,0  28,0   15:05  12,0   06:15   1,7   3,0   0,0   0,8  18,4   15:15    SW
16  21,3  30,2   15:55  12,4   06:25   1,5   3,8   0,0   1,4  30,6   18:01   SSW
17  22,5  31,8   16:08  13,1   06:10   1,1   5,0   0,0   1,2  25,6   18:18    SW
18  22,2  27,7   16:54  16,7   07:04   0,1   3,5   0,0   1,7  25,6   18:14   WSW
19  20,1  27,5   14:05  12,6   05:50   1,5   3,4   0,0   1,1  23,4   20:37   ESE
20  23,2  32,4   17:40  13,9   06:20   1,1   4,5   0,0   0,8  14,8   17:34     W
21  23,9  30,6   17:50  17,1   06:20   0,1   5,4   0,0   1,5  31,7   11:35    SE
22  23,4  29,2   16:34  17,6   06:25   0,0   4,5   0,0   2,3  33,1   17:42    NW
23  23,7  31,1   16:28  16,3   04:45   0,3   5,0   0,0   1,2  15,8   16:54   SSW
24  23,9  32,3   17:09  15,4   06:10   0,5   5,6   0,0   1,4  18,4   13:16   WNW
25  25,2  34,7   16:50  15,7   05:35   0,4   6,8   0,0   1,3  18,4   17:29     W
26  26,0  34,3   14:25  17,7   06:30   0,0   6,9   0,0   1,1  27,0   15:03   SSW
27  24,4  32,2   15:20  16,5   06:25   0,2   5,1   0,0   1,0  18,4   15:40    SW
28  25,0  32,4   16:42  17,6   05:30   0,1   4,5  14,1   1,3  19,4   16:56   WNW
29  22,4  28,5   13:55  16,2   23:00   0,1   3,4  34,4   1,1  66,2   22:47   WNW
30  20,7  25,9   15:10  15,4   03:50   0,8   2,1   4,8   2,4  25,6   20:10    SW
----------------------------------------------------------------------------------
    21,1  34,7    25     8,7     2    41,0  92,2 226,1   1,2  66,2    29     WSW

Max >=  27,0 18
Max <=   0,0  0
Min <=   0,0  0
Min <= -18,0  0
Max Rain: 57,6 on day 6
Days of Rain: 13 (>= 0,2 mm)  11 (>= 2,0 mm)  4 (>= 20,0 mm)
Heat Base: 18,3  Cool Base: 18,3  Method: Integration