Resums mensuals i anuals. Seleccioneu el mes o l'any.

Select a Year or Month report

Report for 2023 Sep
                   Resum meteorol├▓gic mensual. Setembre 2023
                   Calldetenes (Osona) - Altitud: 510 m
                   Temperature (┬░C), Rain (mm), Wind Speed (km/h)

                                      Heat  Cool        Avg
    Mean                              Deg   Deg         Wind                 Dom
Day Temp  High   Time   Low    Time   Days  Days  Rain  Speed High   Time    Dir
----------------------------------------------------------------------------------
01  21,3  30,2   16:18  12,4   07:10   1,6   3,6   0,0   1,8  25,6   16:48   SSW
02  21,3  25,7   13:16  16,9   06:45   0,2   2,3   0,0   1,1  25,6   13:37   ESE
03  21,0  27,0   17:02  14,9   07:10   0,6   3,1   0,0   1,3  24,5   16:12     E
04  23,7  31,8   15:30  15,6   03:25   0,7   5,3   0,0   1,1  17,3   16:50   ESE
05  23,5  32,8   15:38  14,2   07:20   0,9   5,0   0,0   1,3  14,8   15:28     W
06  22,7  30,7   16:10  14,7   07:00   0,7   3,8   0,0   0,3  12,2   18:09   SSE
07  20,7  30,9   16:34  10,5   07:10   2,2   3,7   0,0   0,5  14,8   16:55     S
08  20,4  30,2   16:49  10,5   07:35   2,3   3,7   0,0   1,0  19,4   18:41     S
09  21,0  31,9   16:11  10,1   07:28   2,3   3,8   0,0   1,2  18,4   18:24    SW
10  22,7  32,3   15:01  13,1   07:44   1,3   4,4   0,0   1,3  22,0   20:20    SW
11  23,0  31,8   14:38  14,2   06:54   1,0   4,1   0,0   1,4  22,0   15:13    SW
12  21,4  28,2   14:05  14,5   01:35   0,8   3,9   0,0   1,1  18,4   17:48     W
13  21,6  28,9   14:55  14,2   06:55   0,7   2,9   0,0   1,5  25,6   19:38    SW
14  21,8  29,7   15:56  13,8   05:10   1,2   3,3   0,0   1,5  24,5   17:19    SW
15  20,3  25,1   13:30  15,5   04:05   1,1   0,9  29,1   0,8  14,8   16:15   WNW
16  21,3  27,1   16:54  15,4   06:40   0,9   2,6   0,0   1,2  22,0   17:59    SW
17  22,3  28,8   17:45  15,8   03:40   0,7   3,1   0,0   1,0  15,8   19:13    NW
18  21,5  26,4   17:07  16,5   23:40   0,2   3,3   0,3   2,7  30,6   12:40   WNW
19  19,5  27,2   15:00  11,7   07:15   2,0   2,1   0,0   1,3  24,5   17:28    SW
20  19,8  23,6   17:00  15,9   07:30   0,8   1,1   1,8   0,1  11,2   19:05     S
21  19,7  27,1   16:15  12,3   06:40   1,9   2,4   0,3   2,8  30,6   17:25   WNW
22  18,3  23,6   16:20  13,0   08:10   1,8   1,1   1,5   1,4  19,4   11:55     W
23  17,2  23,8   14:20  10,6   05:20   3,2   1,1   0,0   1,2  20,9   14:02   SSW
24  17,9  25,8   16:49  10,0   04:35   3,3   1,8   0,0   1,0  17,3   16:09   WNW
25  19,3  28,5   16:02  10,1   07:45   3,0   2,5   0,0   0,6  17,3   18:10   SSW
26  19,0  27,7   16:36  10,3   07:45   2,8   2,5   0,0   0,9  14,8   15:05   WSW
27  20,2  29,7   16:30  10,7   08:05   2,4   3,0   0,0   1,3  20,9   17:20   WSW
28  21,1  30,4   15:36  11,8   07:30   2,0   3,3   0,0   1,2  24,5   17:20    SW
29  21,9  31,3   15:25  12,4   08:05   1,6   3,8   0,0   1,1  18,4   19:24   WSW
30  22,1  31,7   15:52  12,5   07:41   1,6   3,8   0,0   1,3  23,4   15:20     W
----------------------------------------------------------------------------------
    20,9  32,8     5    10,0    24    45,8  91,3  33,0   1,2  30,6    18     WSW

Max >=  27,0 23
Max <=   0,0  0
Min <=   0,0  0
Min <= -18,0  0
Max Rain: 29,1 on day 15
Days of Rain: 5 (>= 0,2 mm)  1 (>= 2,0 mm)  1 (>= 20,0 mm)
Heat Base: 18,3  Cool Base: 18,3  Method: Integration