Resums mensuals i anuals. Seleccioneu el mes o l'any.

Select a Year or Month report

Report for 2023 Oct
                   Resum meteorol├▓gic mensual. Octubre 2023
                   Calldetenes (Osona) - Altitud: 510 m
                   Temperature (┬░C), Rain (mm), Wind Speed (km/h)

                                      Heat  Cool        Avg
    Mean                              Deg   Deg         Wind                 Dom
Day Temp  High   Time   Low    Time   Days  Days  Rain  Speed High   Time    Dir
----------------------------------------------------------------------------------
01  22,7  32,4   16:15  13,0   07:45   1,5   4,0   0,0   0,8  15,8   14:52    SW
02  20,7  29,3   15:32  12,1   07:30   1,9   2,9   0,0   0,9  20,9   16:50   SSW
03  20,7  28,1   15:30  13,3   05:40   1,5   2,6   0,0   0,6  12,2   18:56   SSW
04  22,8  29,0   15:26  16,6   23:55   0,3   3,2   0,0   1,3  20,9   17:54    SW
05  21,0  28,9   16:16  13,0   07:40   1,6   2,7   0,0   0,6  19,4   15:36   SSW
06  22,7  29,9   15:31  15,5   03:05   0,6   2,9   0,0   1,1  17,3   15:26    SW
07  22,3  29,4   16:41  15,2   03:45   1,0   2,8   0,0   0,8  18,4   16:12    SW
08  21,2  29,8   16:50  12,5   04:30   2,4   2,7   0,0   0,5  15,8   18:59   SSW
09  20,4  30,2   16:08  10,5   08:00   2,8   2,8   0,0   1,0  19,4   18:56   WSW
10  20,5  30,6   15:27  10,4   07:05   2,8   2,9   0,0   0,6  19,4   18:01   SSW
11  20,2  30,3   15:29  10,0   07:20   3,0   2,5   0,0   1,1  20,9   17:10    SW
12  21,0  29,9   15:36  12,0   08:07   2,9   2,5   0,0   1,0  17,3   18:49    SW
13  20,5  29,3   14:40  11,7   08:35   2,9   2,4   0,0   1,3  23,4   15:50   SSW
14  18,7  26,4   15:44  10,9   08:00   2,6   2,0   0,0   1,3  20,9   16:23   WNW
15  18,3  24,3   14:48  12,2   04:15   2,3   0,9   0,0   1,7  29,5   15:36    SW
16  16,6  19,0   14:45  14,2   23:40   1,9   0,0   2,7   0,4  11,2   17:30    NW
17  18,4  24,5   15:10  12,3   08:35   1,9   1,2   0,0   1,5  22,0   13:15     W
18  20,3  24,5   15:15  16,1   06:30   0,6   2,1   0,0   2,8  34,2   16:40   WNW
19  19,3  23,2   13:50  15,3   03:00   0,7   1,0   7,5   4,4  37,8   21:37     W
20  16,0  19,4   16:05  12,6   23:50   3,0   0,0   1,5   5,5  46,4   17:15   WNW
21  12,8  18,5   15:51   7,0   23:55   5,4   0,0   0,0   1,9  23,4   14:18   WNW
22  12,1  19,4   16:40   4,7   04:50   7,6   0,0   0,0   0,8  15,8   14:32    NW
23  17,6  23,2   14:55  11,9   00:00   2,5   1,1   0,0   2,8  31,7   13:05   WNW
24  15,0  18,5   15:00  11,5   07:10   4,0   0,0   5,1   3,7  36,7   15:20   WNW
25  14,6  20,2   15:25   9,0   08:25   3,9   0,1   0,0   2,0  20,9   16:15   WNW
26  16,7  23,0   16:15  10,4   03:40   3,4   0,8   0,0   3,0  40,3   15:50   WNW
27  14,1  19,3   15:05   8,9   08:45   3,9   0,1   0,0   3,9  43,9   14:55   WNW
28  14,5  20,8   14:48   8,2   05:45   4,6   0,3   0,0   3,0  34,2   13:28   WNW
29  15,9  22,3   14:09   9,4   05:55   3,9   0,7   0,0   2,6  37,8   11:56     W
30  14,0  20,2   14:45   7,8   04:15   5,8   0,2   0,0   2,5  39,2   17:38   WNW
31  10,2  17,4   14:00   3,0   07:40   8,8   0,0   0,3   1,0  18,4   13:30   WNW
----------------------------------------------------------------------------------
    18,1  32,4     1     3,0    31    92,0  47,4  17,1   1,8  46,4    20       W

Max >=  27,0 13
Max <=   0,0  0
Min <=   0,0  0
Min <= -18,0  0
Max Rain: 7,5 on day 19
Days of Rain: 5 (>= 0,2 mm)  3 (>= 2,0 mm)  0 (>= 20,0 mm)
Heat Base: 18,3  Cool Base: 18,3  Method: Integration