Resums mensuals i anuals. Seleccioneu el mes o l'any.

Select a Year or Month report

Report for 2023 Nov
                   Resum meteorol├▓gic mensual. Novembre 2023
                   Calldetenes (Osona) - Altitud: 510 m
                   Temperature (┬░C), Rain (mm), Wind Speed (km/h)

                                      Heat  Cool        Avg
    Mean                              Deg   Deg         Wind                 Dom
Day Temp  High   Time   Low    Time   Days  Days  Rain  Speed High   Time    Dir
----------------------------------------------------------------------------------
01  11,3  18,7   13:10   3,9   05:25   6,4   0,0   0,0   2,4  23,4   10:42     W
02  13,0  18,5   10:05   7,5   23:45   4,1   0,0   1,2   6,8  47,9   17:44   WNW
03   9,4  15,0   13:50   3,8   23:55   8,6   0,0   0,0   6,3  49,0   12:40   WNW
04  10,1  18,0   15:35   2,1   01:50   7,8   0,0   0,3   4,9  42,8   23:49   WNW
05  12,6  17,7   13:41   7,5   23:50   5,3   0,0   0,0   6,5  40,3   02:15   WNW
06   9,3  16,8   15:30   1,7   07:30   9,5   0,0   0,0   1,5  17,3   14:20    SW
07   7,9  15,3   15:05   0,4   07:40  11,5   0,0   0,0   1,4  19,4   14:45     W
08   7,4  16,0   14:30  -1,3   07:50  12,1   0,0   0,0   1,2  15,8   13:40     W
09   8,5  13,5   15:15   3,4   04:35   9,8   0,0   0,3   1,4  19,4   16:53    NW
10  10,7  16,5   13:35   4,8   23:55   7,5   0,0   0,0   2,2  27,0   12:25   WNW
11  10,5  17,4   15:10   3,5   01:50   8,3   0,0   0,0   0,9  12,2   13:00   WSW
12  15,4  20,9   14:54   9,8   23:50   3,0   0,3   0,0   1,0  14,8   14:37   NNW
13  14,2  22,7   14:00   5,6   07:55   6,2   0,5   0,0   1,3  14,8   14:25     W
14  15,3  23,7   15:25   6,8   06:50   6,0   0,7   0,0   1,7  25,6   16:29   WNW
15  11,2  15,7   15:05   6,6   04:45   7,3   0,0   0,0   0,5   9,7   09:50   NNW
16  13,0  17,8   15:40   8,2   21:58   5,2   0,0   0,0   0,4   8,6   13:05     W
17  13,0  18,4   14:25   7,6   23:45   5,6   0,0   0,3   0,7  13,3   14:15   SSW
18  11,8  18,8   13:58   4,7   06:00   8,2   0,0   0,0   1,1  12,2   15:27   WNW
19  12,5  22,7   14:32   2,3   07:36   8,9   0,5   0,3   0,5   8,6   10:32   WNW
20  11,7  20,5   14:15   2,9   07:30   8,0   0,1   0,0   0,8  17,3   18:00    SW
21   9,7  15,3   15:25   4,1   23:35   7,7   0,0   5,4   1,6  13,3   09:50     W
22   8,0  14,8   13:45   1,2   23:50  11,0   0,0   0,0   4,9  40,3   13:45    NE
23   6,4  15,4   15:45  -2,6   07:45  14,1   0,0   0,0   1,1   8,6   11:10    SW
24   3,8   9,0   14:25  -1,4   05:20  14,6   0,0   0,0   1,1  20,9   18:40    SW
25   6,5  13,1   14:25  -0,1   08:08  11,8   0,0   0,0   1,3  13,3   13:51   NNE
26   8,9  14,2   14:06   3,5   23:55  10,8   0,0   0,0   1,0  23,4   14:16    NW
27   7,7  13,5   14:40   1,9   06:55  11,9   0,0   0,0   0,9  12,2   15:15   WNW
28   6,9  13,4   15:55   0,3   04:10  12,7   0,0   0,0   0,8   8,6   11:55    NW
29   8,7  11,9   17:00   5,5   00:00  10,3   0,0   1,5   0,4   9,7   18:36   SSW
30  13,1  19,8   14:00   6,4   00:00   4,5   0,1   0,0   3,3  24,5   14:20    SW
----------------------------------------------------------------------------------
    10,3  23,7    14    -2,6    23   258,7   2,2   9,3   2,0  49,0     3     WNW

Max >=  27,0  0
Max <=   0,0  0
Min <=   0,0  4
Min <= -18,0  0
Max Rain: 5,4 on day 21
Days of Rain: 7 (>= 0,2 mm)  1 (>= 2,0 mm)  0 (>= 20,0 mm)
Heat Base: 18,3  Cool Base: 18,3  Method: Integration