Resums mensuals i anuals. Seleccioneu el mes o l'any.

Select a Year or Month report

Report for 2023 Dec
                   Resum meteorol├▓gic mensual. Desembre 2023
                   Calldetenes (Osona) - Altitud: 510 m
                   Temperature (┬░C), Rain (mm), Wind Speed (km/h)

                                      Heat  Cool        Avg
    Mean                              Deg   Deg         Wind                 Dom
Day Temp  High   Time   Low    Time   Days  Days  Rain  Speed High   Time    Dir
----------------------------------------------------------------------------------
01  10,8  14,7   02:30   6,8   23:55   6,7   0,0   3,3   1,8  29,5   18:54   WSW
02   6,2  11,5   15:37   0,9   23:55  12,2   0,0   0,0   1,4  18,4   13:38   WNW
03   3,8  10,2   15:52  -2,6   08:25  16,0   0,0   0,0   0,7  13,3   16:15    NW
04   6,2  11,8   14:45   0,6   23:55  12,0   0,0   0,0   2,2  24,5   13:35   WNW
05   3,7   7,4   14:30   0,0   08:40  15,5   0,0   0,3   1,0  11,2   04:55   ENE
06   5,4  11,5   15:57  -0,7   23:45  14,8   0,0   0,0   0,8  12,2   14:09   NNW
07   4,7  12,3   16:10  -2,9   07:00  14,1   0,0   0,0   1,7  19,4   21:04   WNW
08   7,4  11,5   12:45   3,2   23:18  10,3   0,0   2,1   1,5  19,4   16:20    NW
09   6,6  11,0   14:33   2,1   23:35  13,1   0,0   0,0   0,9  12,2   15:35   NNW
10   5,9  12,6   15:56  -0,8   08:11  14,4   0,0   0,3   0,6   9,7   13:09   WNW
11   6,3  11,9   15:12   0,6   08:14  12,8   0,0   0,0   0,5   7,2   16:36   WNW
12   7,4  12,5   15:57   2,3   07:17  11,5   0,0   0,3   0,5  17,3   19:44   WSW
13   7,7  12,4   05:46   3,0   23:45   8,5   0,0   0,0   2,6  20,9   02:36     W
14   6,2  14,0   14:10  -1,7   07:45  13,8   0,0   0,0   3,4  34,2   15:45   NNW
15   5,8  13,8   15:45  -2,2   08:25  14,7   0,0   0,0   1,2  11,2   00:10    SW
16   4,3  12,5   15:43  -3,9   08:07  16,5   0,0   0,0   0,8   9,7   12:56    SW
17   3,5  11,6   15:45  -4,6   08:30  17,1   0,0   0,3   0,8   7,2   13:17     N
18   4,5  14,2   15:50  -5,3   07:30  16,9   0,0   0,0   0,7   7,2   14:30    NW
19   6,0  15,8   15:51  -3,8   07:40  15,6   0,0   0,0   0,8   7,2   13:20     S
20   3,3   9,6   16:00  -3,0   07:40  16,9   0,0   0,0   1,1  12,2   07:25   WSW
21   2,9  10,0   15:55  -4,2   08:05  16,8   0,0   0,0   0,9   9,7   22:10    SW
22   8,4  17,1   15:50  -0,3   06:40  12,5   0,0   0,0   1,2   9,7   10:10   WSW
23   5,0  11,2   16:09  -1,3   23:55  15,0   0,0   0,3   0,7  11,2   13:12   SSE
24   4,1  12,6   16:14  -4,4   08:46  17,4   0,0   0,0   0,8   9,7   12:18   SSW
25   4,5  14,1   15:57  -5,1   08:09  16,5   0,0   0,0   0,7   9,7   13:37     W
26   4,5  14,2   14:43  -5,3   08:06  16,5   0,0   0,0   0,8  11,2   13:08    SW
27   5,1  15,4   15:49  -5,3   08:33  16,6   0,0   0,0   0,7   8,6   13:38     S
28   0,4   5,9   15:35  -5,1   08:00  18,5   0,0   0,0   0,4   6,1   14:25   WSW
29   3,9   9,9   15:35  -2,1   04:55  15,7   0,0   0,0   0,8  12,2   12:10     W
30   5,5  14,3   15:52  -3,4   08:18  15,1   0,0   0,0   0,9  11,2   13:57   WSW
31   6,2  12,9   15:46  -0,5   01:20  11,9   0,0   0,0   1,8  27,0   13:31     W
----------------------------------------------------------------------------------
     5,3  17,1    22    -5,3    18   445,8   0,0   6,9   1,1  34,2    14       W

Max >=  27,0  0
Max <=   0,0  0
Min <=   0,0 23
Min <= -18,0  0
Max Rain: 3,3 on day 1
Days of Rain: 7 (>= 0,2 mm)  2 (>= 2,0 mm)  0 (>= 20,0 mm)
Heat Base: 18,3  Cool Base: 18,3  Method: Integration